{"id":22,"date":"2018-11-20T14:34:39","date_gmt":"2018-11-20T13:34:39","guid":{"rendered":"http:\/\/emmanuellelento.sante-holistique.com\/?page_id=22"},"modified":"2026-01-22T20:42:13","modified_gmt":"2026-01-22T19:42:13","slug":"contact","status":"publish","type":"page","link":"https:\/\/emmanuellelento.sante-holistique.com\/?page_id=22","title":{"rendered":"Contact et Visite du Cabinet en Images"},"content":{"rendered":"<div class=\"wp-block-image is-resized is-style-rounded\">\n<figure class=\"alignleft size-large\"><img loading=\"lazy\" decoding=\"async\" width=\"1024\" height=\"768\" src=\"https:\/\/emmanuellelento.sante-holistique.com\/wp-content\/uploads\/2020\/09\/cabinet-table-de-massage-1-1024x768.jpg\" alt=\"\" class=\"wp-image-232\" srcset=\"https:\/\/emmanuellelento.sante-holistique.com\/wp-content\/uploads\/2020\/09\/cabinet-table-de-massage-1-1024x768.jpg 1024w, https:\/\/emmanuellelento.sante-holistique.com\/wp-content\/uploads\/2020\/09\/cabinet-table-de-massage-1-300x225.jpg 300w, https:\/\/emmanuellelento.sante-holistique.com\/wp-content\/uploads\/2020\/09\/cabinet-table-de-massage-1-768x576.jpg 768w, https:\/\/emmanuellelento.sante-holistique.com\/wp-content\/uploads\/2020\/09\/cabinet-table-de-massage-1-1536x1152.jpg 1536w, https:\/\/emmanuellelento.sante-holistique.com\/wp-content\/uploads\/2020\/09\/cabinet-table-de-massage-1-2048x1536.jpg 2048w\" sizes=\"auto, (max-width: 767px) 89vw, (max-width: 1000px) 54vw, (max-width: 1071px) 543px, 580px\" \/><figcaption class=\"wp-element-caption\"><mark style=\"background-color:rgba(0, 0, 0, 0)\" class=\"has-inline-color has-vivid-purple-color\">Cabinet de Soins et de Bien-\u00eatre.<\/mark><\/figcaption><\/figure>\n<\/div>\n\n<p>Je vous accueille sur rendez-vous du Lundi au Vendredi de 9h00 \u00e0 19h00 et le Samedi de 10H00 \u00e0 12H00.*<\/p>\n<p><strong>T\u00e9l : 06.85.27.44.12<\/strong><\/p>\n<p><strong><em>ou<\/em><\/strong><\/p>\n<p><strong><em>par messenger ou Instagram.<\/em><\/strong><\/p>\n<p><a href=\"mailto:emmanuellereflexologue@gmail.com\">emmanuellereflexologue@gmail.com<\/a><\/p>\n<p><strong>Venez \u00e0 ma rencontre pour d\u00e9couvrir un lieu de soin, d\u2019\u00e9coute, d\u2019\u00e9change et de conseils\u2026<\/strong><\/p>\n<p><strong><em>Les Bruganelles, 847 Route de la Courbe, <\/em><\/strong><\/p>\n<p><strong><em>81300 Busque<\/em><\/strong><strong><em>*<\/em><\/strong><\/p>\n<p>Suivez-moi sur : <a href=\"https:\/\/instagram.com\/emmanuelleacoeurouvert\">https:\/\/instagram.com\/emmanuelleacoeurouvert<\/a><\/p>\n<p><a href=\"http:\/\/www.facebook.com\/reflexologue.emmanuellelento\/\">www.facebook.com\/reflexologue.emmanuellelento\/<\/a><\/p>\n\n\n<figure class=\"wp-block-image size-large is-resized is-style-rounded\"><img loading=\"lazy\" decoding=\"async\" width=\"1024\" height=\"768\" src=\"https:\/\/emmanuellelento.sante-holistique.com\/wp-content\/uploads\/2023\/10\/table-de-massage--1024x768.jpg\" alt=\"\" class=\"wp-image-434\" style=\"aspect-ratio:1.3333333333333333;width:333px;height:auto\" srcset=\"https:\/\/emmanuellelento.sante-holistique.com\/wp-content\/uploads\/2023\/10\/table-de-massage--1024x768.jpg 1024w, https:\/\/emmanuellelento.sante-holistique.com\/wp-content\/uploads\/2023\/10\/table-de-massage--300x225.jpg 300w, https:\/\/emmanuellelento.sante-holistique.com\/wp-content\/uploads\/2023\/10\/table-de-massage--768x576.jpg 768w, https:\/\/emmanuellelento.sante-holistique.com\/wp-content\/uploads\/2023\/10\/table-de-massage--1536x1152.jpg 1536w, https:\/\/emmanuellelento.sante-holistique.com\/wp-content\/uploads\/2023\/10\/table-de-massage--2048x1536.jpg 2048w, https:\/\/emmanuellelento.sante-holistique.com\/wp-content\/uploads\/2023\/10\/table-de-massage--1568x1176.jpg 1568w\" sizes=\"auto, (max-width: 767px) 89vw, (max-width: 1000px) 54vw, (max-width: 1071px) 543px, 580px\" \/><\/figure>\n\n\n\n<figure class=\"wp-block-image size-large is-resized is-style-rounded\"><img loading=\"lazy\" decoding=\"async\" width=\"1024\" height=\"768\" src=\"https:\/\/emmanuellelento.sante-holistique.com\/wp-content\/uploads\/2023\/10\/cabinet-1024x768.jpg\" alt=\"\" class=\"wp-image-436\" style=\"aspect-ratio:1.3333333333333333;width:301px;height:auto\" srcset=\"https:\/\/emmanuellelento.sante-holistique.com\/wp-content\/uploads\/2023\/10\/cabinet-1024x768.jpg 1024w, https:\/\/emmanuellelento.sante-holistique.com\/wp-content\/uploads\/2023\/10\/cabinet-300x225.jpg 300w, https:\/\/emmanuellelento.sante-holistique.com\/wp-content\/uploads\/2023\/10\/cabinet-768x576.jpg 768w, https:\/\/emmanuellelento.sante-holistique.com\/wp-content\/uploads\/2023\/10\/cabinet-1536x1152.jpg 1536w, https:\/\/emmanuellelento.sante-holistique.com\/wp-content\/uploads\/2023\/10\/cabinet-2048x1536.jpg 2048w, https:\/\/emmanuellelento.sante-holistique.com\/wp-content\/uploads\/2023\/10\/cabinet-1568x1176.jpg 1568w\" sizes=\"auto, (max-width: 767px) 89vw, (max-width: 1000px) 54vw, (max-width: 1071px) 543px, 580px\" \/><\/figure>\n\n\n\n<figure class=\"wp-block-image size-large is-resized is-style-rounded\"><img loading=\"lazy\" decoding=\"async\" width=\"768\" height=\"1024\" src=\"https:\/\/emmanuellelento.sante-holistique.com\/wp-content\/uploads\/2023\/10\/table-et-vue--768x1024.jpg\" alt=\"\" class=\"wp-image-435\" style=\"aspect-ratio:0.75;width:252px;height:auto\" srcset=\"https:\/\/emmanuellelento.sante-holistique.com\/wp-content\/uploads\/2023\/10\/table-et-vue--768x1024.jpg 768w, https:\/\/emmanuellelento.sante-holistique.com\/wp-content\/uploads\/2023\/10\/table-et-vue--225x300.jpg 225w, https:\/\/emmanuellelento.sante-holistique.com\/wp-content\/uploads\/2023\/10\/table-et-vue--1152x1536.jpg 1152w, https:\/\/emmanuellelento.sante-holistique.com\/wp-content\/uploads\/2023\/10\/table-et-vue--1536x2048.jpg 1536w, https:\/\/emmanuellelento.sante-holistique.com\/wp-content\/uploads\/2023\/10\/table-et-vue--1568x2091.jpg 1568w, https:\/\/emmanuellelento.sante-holistique.com\/wp-content\/uploads\/2023\/10\/table-et-vue--scaled.jpg 1920w\" sizes=\"auto, (max-width: 767px) 89vw, (max-width: 1000px) 54vw, (max-width: 1071px) 543px, 580px\" \/><\/figure>\n\n\n\n<figure class=\"wp-block-image size-full is-resized is-style-rounded\"><img loading=\"lazy\" decoding=\"async\" width=\"1024\" height=\"768\" src=\"https:\/\/emmanuellelento.sante-holistique.com\/wp-content\/uploads\/2023\/10\/image.jpeg\" alt=\"\" class=\"wp-image-377\" style=\"aspect-ratio:0.75;width:271px;height:auto\" srcset=\"https:\/\/emmanuellelento.sante-holistique.com\/wp-content\/uploads\/2023\/10\/image.jpeg 1024w, https:\/\/emmanuellelento.sante-holistique.com\/wp-content\/uploads\/2023\/10\/image-300x225.jpeg 300w, https:\/\/emmanuellelento.sante-holistique.com\/wp-content\/uploads\/2023\/10\/image-768x576.jpeg 768w\" sizes=\"auto, (max-width: 767px) 89vw, (max-width: 1000px) 54vw, (max-width: 1071px) 543px, 580px\" \/><\/figure>\n\n\n\n<figure class=\"wp-block-image size-large is-resized is-style-rounded\"><img loading=\"lazy\" decoding=\"async\" width=\"768\" height=\"1024\" src=\"http:\/\/emmanuellelento.sante-holistique.com\/wp-content\/uploads\/2023\/10\/salon-exte\u0301rieur-768x1024.jpg\" alt=\"\" class=\"wp-image-380\" style=\"aspect-ratio:0.75;width:286px;height:auto\" srcset=\"https:\/\/emmanuellelento.sante-holistique.com\/wp-content\/uploads\/2023\/10\/salon-exte\u0301rieur-768x1024.jpg 768w, https:\/\/emmanuellelento.sante-holistique.com\/wp-content\/uploads\/2023\/10\/salon-exte\u0301rieur-225x300.jpg 225w, https:\/\/emmanuellelento.sante-holistique.com\/wp-content\/uploads\/2023\/10\/salon-exte\u0301rieur-1152x1536.jpg 1152w, https:\/\/emmanuellelento.sante-holistique.com\/wp-content\/uploads\/2023\/10\/salon-exte\u0301rieur-1536x2048.jpg 1536w, https:\/\/emmanuellelento.sante-holistique.com\/wp-content\/uploads\/2023\/10\/salon-exte\u0301rieur-1568x2091.jpg 1568w, https:\/\/emmanuellelento.sante-holistique.com\/wp-content\/uploads\/2023\/10\/salon-exte\u0301rieur-scaled.jpg 1920w\" sizes=\"auto, (max-width: 767px) 89vw, (max-width: 1000px) 54vw, (max-width: 1071px) 543px, 580px\" \/><\/figure>\n\n\n<div class=\"wp-block-image is-resized is-style-rounded\">\n<figure class=\"alignleft size-large\"><img loading=\"lazy\" decoding=\"async\" width=\"1024\" height=\"768\" src=\"https:\/\/emmanuellelento.sante-holistique.com\/wp-content\/uploads\/2020\/09\/canape\u0301-de\u0301tente-2-1024x768.jpg\" alt=\"\" class=\"wp-image-234\" srcset=\"https:\/\/emmanuellelento.sante-holistique.com\/wp-content\/uploads\/2020\/09\/canape\u0301-de\u0301tente-2-1024x768.jpg 1024w, https:\/\/emmanuellelento.sante-holistique.com\/wp-content\/uploads\/2020\/09\/canape\u0301-de\u0301tente-2-300x225.jpg 300w, https:\/\/emmanuellelento.sante-holistique.com\/wp-content\/uploads\/2020\/09\/canape\u0301-de\u0301tente-2-768x576.jpg 768w, https:\/\/emmanuellelento.sante-holistique.com\/wp-content\/uploads\/2020\/09\/canape\u0301-de\u0301tente-2-1536x1152.jpg 1536w, https:\/\/emmanuellelento.sante-holistique.com\/wp-content\/uploads\/2020\/09\/canape\u0301-de\u0301tente-2-2048x1536.jpg 2048w\" sizes=\"auto, (max-width: 767px) 89vw, (max-width: 1000px) 54vw, (max-width: 1071px) 543px, 580px\" \/><figcaption class=\"wp-element-caption\">Espace d\u00e9tente <\/figcaption><\/figure>\n<\/div>","protected":false},"excerpt":{"rendered":"<p>Je vous accueille sur rendez-vous du Lundi au Vendredi de 9h00 \u00e0 19h00 et le Samedi de 10H00 \u00e0 12H00.* T\u00e9l : 06.85.27.44.12 ou par messenger ou Instagram. emmanuellereflexologue@gmail.com Venez \u00e0 ma rencontre pour d\u00e9couvrir un lieu de soin, d\u2019\u00e9coute, d\u2019\u00e9change et de conseils\u2026 Les Bruganelles, 847 Route de la Courbe, 81300 Busque* Suivez-moi sur &hellip; <\/p>\n<p class=\"link-more\"><a href=\"https:\/\/emmanuellelento.sante-holistique.com\/?page_id=22\" class=\"more-link\">Continuer la lecture<span class=\"screen-reader-text\"> de &laquo;&nbsp;Contact et Visite du Cabinet en Images&nbsp;&raquo;<\/span><\/a><\/p>\n","protected":false},"author":1,"featured_media":0,"parent":0,"menu_order":0,"comment_status":"closed","ping_status":"closed","template":"","meta":{"footnotes":""},"class_list":["post-22","page","type-page","status-publish","hentry"],"_links":{"self":[{"href":"https:\/\/emmanuellelento.sante-holistique.com\/index.php?rest_route=\/wp\/v2\/pages\/22","targetHints":{"allow":["GET"]}}],"collection":[{"href":"https:\/\/emmanuellelento.sante-holistique.com\/index.php?rest_route=\/wp\/v2\/pages"}],"about":[{"href":"https:\/\/emmanuellelento.sante-holistique.com\/index.php?rest_route=\/wp\/v2\/types\/page"}],"author":[{"embeddable":true,"href":"https:\/\/emmanuellelento.sante-holistique.com\/index.php?rest_route=\/wp\/v2\/users\/1"}],"replies":[{"embeddable":true,"href":"https:\/\/emmanuellelento.sante-holistique.com\/index.php?rest_route=%2Fwp%2Fv2%2Fcomments&post=22"}],"version-history":[{"count":22,"href":"https:\/\/emmanuellelento.sante-holistique.com\/index.php?rest_route=\/wp\/v2\/pages\/22\/revisions"}],"predecessor-version":[{"id":489,"href":"https:\/\/emmanuellelento.sante-holistique.com\/index.php?rest_route=\/wp\/v2\/pages\/22\/revisions\/489"}],"wp:attachment":[{"href":"https:\/\/emmanuellelento.sante-holistique.com\/index.php?rest_route=%2Fwp%2Fv2%2Fmedia&parent=22"}],"curies":[{"name":"wp","href":"https:\/\/api.w.org\/{rel}","templated":true}]}}